s of 112138?
2, 13, 19, 227
What are the prime factors of 2864?
2, 179
List the prime factors of 7468.
2, 1867
List the prime factors of 8909.
59, 151
List the prime factors of 20042.
2, 11, 911
What are the prime factors of 25998?
2, 3, 7, 619
What are the prime factors of 2252?
2, 563
What are the prime factors of 26713?
26713
What are the prime factors of 116134?
2, 58067
What are the prime factors of 2731?
2731
List the prime factors of 70133.
7, 43, 233
What are the prime factors of 749?
7, 107
What are the prime factors of 3949?
11, 359
What are the prime factors of 19057?
17, 19, 59
What are the prime factors of 1917?
3, 71
What are the prime factors of 52451?
7, 59, 127
List the prime factors of 1174.
2, 587
List the prime factors of 1580.
2, 5, 79
List the prime factors of 88051.
191, 461
What are the prime factors of 5709?
3, 11, 173
List the prime factors of 1646.
2, 823
What are the prime factors of 1544?
2, 193
List the prime factors of 2803.
2803
List the prime factors of 2357.
2357
List the prime factors of 87.
3, 29
List the prime factors of 17237.
11, 1567
What are the prime factors of 16827?
3, 71, 79
What are the prime factors of 23649?
3, 7883
What are the prime factors of 39034?
2, 29, 673
List the prime factors of 5301.
3, 19, 31
What are the prime factors of 4823?
7, 13, 53
List the prime factors of 9799.
41, 239
What are the prime factors of 848?
2, 53
List the prime factors of 3425.
5, 137
What are the prime factors of 2332?
2, 11, 53
List the prime factors of 557.
557
List the prime factors of 388.
2, 97
List the prime factors of 96278.
2, 7, 13, 23
What are the prime factors of 9263?
59, 157
What are the prime factors of 2569?
7, 367
List the prime factors of 32.
2
What are the prime factors of 447?
3, 149
List the prime factors of 126278.
2, 103, 613
What are the prime factors of 35888?
2, 2243
List the prime factors of 3736.
2, 467
List the prime factors of 79184.
2, 7, 101
What are the prime factors of 3941?
7, 563
What are the prime factors of 2348?
2, 587
List the prime factors of 3280.
2, 5, 41
List the prime factors of 9814.
2, 7, 701
List the prime factors of 12715.
5, 2543
List the prime factors of 11972.
2, 41, 73
List the prime factors of 63783.
3, 19, 373
What are the prime factors of 1315?
5, 263
List the prime factors of 757.
757
What are the prime factors of 58178?
2, 19, 1531
What are the prime factors of 14254?
2, 7127
What are the prime factors of 3113?
11, 283
What are the prime factors of 33181?
33181
What are the prime factors of 4033?
37, 109
What are the prime factors of 23591?
31, 761
List the prime factors of 9652.
2, 19, 127
What are the prime factors of 44602?
2, 29, 769
What are the prime factors of 793?
13, 61
What are the prime factors of 1326?
2, 3, 13, 17
What are the prime factors of 666?
2, 3, 37
What are the prime factors of 3494?
2, 1747
List the prime factors of 1982.
2, 991
What are the prime factors of 1765?
5, 353
What are the prime factors of 1772?
2, 443
List the prime factors of 66190.
2, 5, 6619
What are the prime factors of 12088?
2, 1511
What are the prime factors of 3494?
2, 1747
What are the prime factors of 22353?
3, 7451
List the prime factors of 3780.
2, 3, 5, 7
List the prime factors of 8837.
8837
List the prime factors of 1392.
2, 3, 29
What are the prime factors of 3702?
2, 3, 617
List the prime factors of 35812.
2, 7, 1279
What are the prime factors of 608?
2, 19
List the prime factors of 2245.
5, 449
What are the prime factors of 13289?
97, 137
List the prime factors of 6812.
2, 13, 131
What are the prime factors of 32028?
2, 3, 17, 157
List the prime factors of 110406.
2, 3, 18401
What are the prime factors of 134421?
3, 7, 37, 173
List the prime factors of 100892.
2, 11, 2293
List the prime factors of 59540.
2, 5, 13, 229
List the prime factors of 3845.
5, 769
List the prime factors of 45136.
2, 7, 13, 31
List the prime factors of 92938.
2, 31, 1499
List the prime factors of 4787.
4787
What are the prime factors of 12738?
2, 3, 11, 193
What are the prime factors of 917?
7, 131
List the prime factors of 11742.
2, 3, 19, 103
List the prime factors of 9772.
2, 7, 349
What are the prime factors of 417?
3, 139
List the prime factors of 6955.
5, 13, 107
List the prime factors of 18226.
2, 13, 701
List the prime factors of 6382.
2, 3191
List the prime factors of 36114.
2, 3, 13, 463
What are the prime factors of 30364?
2, 7591
List the prime factors of 40531.
40531
List the prime factors of 19291.
101, 191
List the prime factors of 933.
3, 311
What are the prime factors of 18546?
2, 3, 11, 281
List the prime factors of 8651.
41, 211
List the prime factors of 8366.
2, 47, 89
List the prime factors of 87414.
2, 3, 17, 857
List the prime factors of 6453.
3, 239
List the prime factors of 5377.
19, 283
What are the prime factors of 16161?
3, 5387
What are the prime factors of 1986?
2, 3, 331
What are the prime factors of 973?
7, 139
List the prime factors of 9129.
3, 17, 179
What are the prime factors of 29504?
2, 461
What are the prime factors of 207165?
3, 5, 7, 1973
List the prime factors of 9107.
7, 1301
List the prime factors of 146284.
2, 36571
What are the prime factors of 471?
3, 157
List the prime factors of 27.
3
What are the prime factors of 47148?
2, 3, 3929
What are the prime factors of 1651?
13, 127
List the prime factors of 122816.
2, 19, 101
What are the prime factors of 59?
59
What are the prime factors of 518?
2, 7, 37
List the prime factors of 1024.
2
What are the prime factors of 4403?
7, 17, 37
What are the prime factors of 13371?
3, 4457
What are the prime factors of 8968?
2, 19, 59
What are the prime factors of 705?
3, 5, 47
What are the prime factors of 43068?
2, 3, 37, 97
What are the prime factors of 4492?
2, 1123
List the prime factors of 23502.
2, 3, 3917
What are the prime factors of 8070?
2, 3, 5, 269
What are the prime factors of 1476?
2, 3, 41
What are the prime factors of 61819?
61819
List the prime factors of 10111.
10111
What are the prime factors of 398?
2, 199
What are the prime factors of 16895?
5, 31, 109
What are the prime factors of 43612?
2, 10903
What are the prime factors of 2164?
2, 541
What are the prime factors of 160829?
160829
List the prime factors of 3886.
2, 29, 67
What are the prime factors of 4781?
7, 683
List the prime factors of 47.
47
What are the prime factors of 2591?
2591
List the prime factors of 4333.
7, 619
List the prime factors of 70690.
2, 5, 7069
List the prime factors of 13589.
107, 127
List the prime factors of 28704.
2, 3, 13, 23
List the prime factors of 1146.
2, 3, 191
List the prime factors of 14449.
14449
List the prime factors of 1585.
5, 317
List the prime factors of 44382.
2, 3, 13, 569
List the prime factors of 352.
2, 11
What are the prime factors of 49961?
47, 1063
What are the prime factors of 1384?
2, 173
What are the prime factors of 115?
5, 23
What are the prime factors of 133970?
2, 5, 13397
What are the prime factors of 9665?
5, 1933
What are the prime factors of 35930?
2, 5, 3593
List the prime factors of 12525.
3, 5, 167
What are the prime factors of 800?
2, 5
List the prime factors of 1982.
2, 991
What are the prime factors of 1014?
2, 3, 13
What are the prime factors of 4066?
2, 19, 107
What are the prime factors of 1019?
1019
What are the prime factors of 82044?
2, 3, 43, 53
What are the prime factors of 12090?
2, 3, 5, 13, 31
List the prime factors of 1734.
2, 3, 17
What are the prime factors of 1717?
17, 101
What are the prime factors of 1555?
5, 311
List the prime factors of 12033.
3, 7, 191
List the prime factors of 11287.
11287
List the prime factors of 9295.
5, 11, 13
List the prime factors of 3746.
2, 1873
What are the prime factors of 89485?
5, 11, 1627
What are the prime factors of 491?
491
List the prime factors of 301.
7, 43
List the prime factors of 11940.
2, 3, 5, 199
What are the prime factors of 127343?
127343
What are the prime factors of 4239?
3, 157
What are the prime factors of 969?
3, 17, 19
List the prime factors of 55860.
2, 3, 5, 7, 19
List the prime factors of 5420.
2, 5, 271
What are the prime factors of 805?
5, 7, 23
List the prime factors of 193.
193
What are the prime factors of 4475?
5, 179
List the prime factors of 39214.
2, 7, 2801
What are the pr